{"id":3253,"date":"2018-12-03T16:17:39","date_gmt":"2018-12-03T16:17:39","guid":{"rendered":"https:\/\/elalmacen.cl\/software-de-punto-de-venta\/tiendas-y-comercios\/verduleria-copy\/"},"modified":"2019-01-08T01:03:17","modified_gmt":"2019-01-08T04:03:17","slug":"rotiseria","status":"publish","type":"page","link":"https:\/\/elalmacen.cl\/software-de-punto-de-venta\/tiendas-y-comercios\/rotiseria\/","title":{"rendered":"Punto de Venta para Rotiseria &#8211; Software de Punto de Venta El Almacen"},"content":{"rendered":"<div class=\"wpb-content-wrapper\"><p>[vc_row css=\u00bb.vc_custom_1543539022854{margin-bottom: -30px !important;}\u00bb][vc_column width=\u00bb1\/3&#8243;][vc_icon type=\u00bbtypicons\u00bb icon_typicons=\u00bbtypcn typcn-arrow-back\u00bb size=\u00bbxl\u00bb align=\u00bbcenter\u00bb link=\u00bburl:http%3A%2F%2Felalmacen.cl%2Fsoftware-de-punto-de-venta%2Ftiendas-y-comercios%2F|||\u00bb][\/vc_column][vc_column width=\u00bb2\/3&#8243;][vc_column_text]<\/p>\n<h1><span style=\"color: #ff0000;\"><strong>Punto de Venta para Rotiser\u00eda <\/strong><\/span><\/h1>\n<div id=\"__kantu_mark__\"><\/div>\n<p>[\/vc_column_text][\/vc_column][\/vc_row][vc_row color=\u00bbcustom\u00bb align=\u00bbalign_center\u00bb border_width=\u00bb\u00bb el_width=\u00bb\u00bb type=\u00bb\u00bb style=\u00bb\u00bb pattern_repeat=\u00bb\u00bb pattern_position=\u00bb\u00bb pattern_height=\u00bb15&#8243; show_icon=\u00bb\u00bb icon_type=\u00bbfontawesome\u00bb icon_simpleline=\u00bb\u00bb icon_skin=\u00bbcustom\u00bb icon_style=\u00bb\u00bb icon_pos=\u00bb\u00bb icon_size=\u00bb\u00bb gradient=\u00bbyes\u00bb accent_color=\u00bb\u00bb pattern=\u00bb\u00bb icon_image=\u00bb\u00bb icon=\u00bb\u00bb icon_color=\u00bb\u00bb icon_bg_color=\u00bb\u00bb icon_border_color=\u00bb\u00bb icon_wrap_border_color=\u00bb\u00bb][vc_column][vc_separator color=\u00bbcustom\u00bb gap=\u00bbtall\u00bb gradient=\u00bbyes\u00bb][\/vc_column][\/vc_row][vc_row][vc_column width=\u00bb1\/3&#8243; is_sticky=\u00bbyes\u00bb sticky_min_width=\u00bb767&#8243; sticky_top=\u00bb110&#8243; sticky_bottom=\u00bb0&#8243;]<div class=\"porto-content-box featured-boxes wpb_content_element  featured-box-primary\"><div class=\"featured-box  align-center\" style=\"\"><div class=\"box-content\" style=\"\">[vc_gallery type=\u00bbflexslider_slide\u00bb interval=\u00bb15&#8243; images=\u00bb2566,2564&#8243; img_size=\u00bbfull\u00bb][vc_single_image image=\u00bb2709&#8243; img_size=\u00bbfull\u00bb alignment=\u00bbcenter\u00bb css=\u00bb.vc_custom_1543588432068{margin-top: -20px !important;}\u00bb]<\/div><\/div><\/div>[\/vc_column][vc_column width=\u00bb2\/3&#8243;][vc_custom_heading text=\u00bb<strong>Software de Punto de Venta para Rotiseria<\/strong>\u00bb use_theme_fonts=\u00bbyes\u00bb el_class=\u00bbm-b-md\u00bb][vc_column_text]El software Almac\u00e9n Punto de Venta fue dise\u00f1ado con funciones especiales para su utilizaci\u00f3n en Rotiser\u00edas que venden productos pesables que no tienen c\u00f3digos de barra.<\/p>\n<p>El software se puede utilizar con balanzas mec\u00e1nicas o electr\u00f3nicas simples, identificando los productos mediante c\u00f3digos internos de n\u00fameros y\/o letras, o utilizando f\u00e1cilmente b\u00fasquedas por descripci\u00f3n pulsando la tecla +.<\/p>\n<p>Tambi\u00e9n se puede utilizar con balanzas tipificadoras que imprimen c\u00f3digos de barra en etiquetas autoadhesivas para que las pueda leer un lector. Estos c\u00f3digos est\u00e1n compuestos por un prefijo &#8211; c\u00f3digo &#8211; cantidad &#8211; d\u00edgito verificador, que el software puede interpretar, evitando as\u00ed que el cajero cometa errores en la digitaci\u00f3n manual de c\u00f3digos internos y cantidades de los productos pesables.<\/p>\n<p>Lo invitamos a dejar sus datos de contacto para que un asistente de Club Almac\u00e9n le ayude a entender c\u00f3mo aplicar este software a su Rotiser\u00eda.[\/vc_column_text][vc_custom_heading text=\u00bbLa diferencia entre el Software El Almac\u00e9n Punto de Venta y otros software\u00bb use_theme_fonts=\u00bbyes\u00bb el_class=\u00bbm-b-md\u00bb][vc_column_text]Todos los software ofrecen controlar la caja, el stock, las ventas, las utilidades y las compras, pero no todos lo hacen de las misma forma, no todos funciona de manera f\u00e1cil, simple y amigable.<\/p>\n<p>S\u00f3lo como ejemplo de la simpleza que ofrece el software El Almac\u00e9n. a momento cecinas, embutidos, carnes, etc, le podemos contar que para vender mortadela fina PF, puede hacerlo pulsando las letras mfpf ENTER ; y luego colocas el valor vendido en la balanza, por ejemplo $ 3.600 ENTER y el software calcula autom\u00e1ticamente la cantidad. Lo mismo pasa con la venta de carnes u otros productos pesables.<\/p>\n<p>Otras funciones especiales son las operaciones para registrar la merma de productos que se pierde por perecibilidad.<\/p>\n<p>El software de punto de venta El Almac\u00e9n fue dise\u00f1ado por profesionales hijos de comerciante, para funcionar como un poderosa caja registradora que le ayudar\u00e1 a mejorar su calidad vida, as\u00ed como las ventas y ganancias de su rotiser\u00eda.<\/p>\n<p>Lo invitamos a dejar sus datos de contacto y un asistente de Club Almac\u00e9n quedar\u00e1 a su disposici\u00f3n para ayudarlo con todas las dudas y consultas, ya sea v\u00eda telef\u00f3nica, por whatsapp o correo electr\u00f3nico.[\/vc_column_text][vc_separator color=\u00bbcustom\u00bb gap=\u00bbtall\u00bb gradient=\u00bbyes\u00bb css=\u00bb.vc_custom_1543181413733{margin-top: -15px !important;}\u00bb][vc_custom_heading text=\u00bbDescripci\u00f3n B\u00e1sica\u00bb use_theme_fonts=\u00bbyes\u00bb el_class=\u00bbm-b-md\u00bb][vc_custom_heading text=\u00bbSoftware de Punto de Venta El Almac\u00e9n &#8211; para registrar la venta de frutas y verduras.\u00bb font_container=\u00bbtag:p|text_align:left|color:%23353535&#8243; use_theme_fonts=\u00bbyes\u00bb el_class=\u00bblead\u00bb][vc_empty_space height=\u00bb15px\u00bb][vc_accordion active_tab=\u00bb1&#8243; collapsible=\u00bbyes\u00bb type=\u00bbwithout-bg\u00bb size=\u00bbpanel-group-lg\u00bb][vc_accordion_tab title=\u00bbTRAYECTORIA DEL SOFTWARE\u00bb show_icon=\u00bbyes\u00bb icon=\u00bbfa fa-caret-square-o-down\u00bb][vc_row_inner][vc_column_inner width=\u00bb1\/3&#8243;][vc_single_image image=\u00bb3774&#8243; img_size=\u00bbmedium\u00bb css=\u00bb.vc_custom_1545536070611{padding-top: 15px !important;}\u00bb][\/vc_column_inner][vc_column_inner width=\u00bb2\/3&#8243;][vc_custom_heading text=\u00bbTrayectoria del Software\u00bb use_theme_fonts=\u00bbyes\u00bb el_class=\u00bbm-b-md\u00bb][vc_column_text]Con m\u00e1s de 1600 Usuarios de Arica a Punta Arenas, Isla de Pascua y Juan Fern\u00e1ndez, funciono por primera vez en el Emporio Sta. Catalina de Valpara\u00edso, vendiendo todo tipo productos.(1998), se present\u00f3 en ExpoAlmac\u00e9n 2003 como la innovaci\u00f3n del sector, fue perfeccionado por la Armada de Chile (2003-2018) y mejorado por Comerciantes (2000-2018), Instituciones y Empresas Proveedoras como GS1 (2005), Mayorista 10 (2008), Coca-Cola (2008-2010) y CCU (2010-2012).<\/p>\n<p>Desde su origen hasta la actualidad, su desarrollo sigue liderado por hijos de comerciantes, que han mantenido su simpleza y alta usabilidad para comerciantes de todas las edades.[\/vc_column_text][\/vc_column_inner][\/vc_row_inner][\/vc_accordion_tab][vc_accordion_tab title=\u00bbCUALIDADES DEL SOFTWARE\u00bb show_icon=\u00bbyes\u00bb icon=\u00bbfa fa-caret-square-o-down\u00bb][vc_row_inner][vc_column_inner width=\u00bb1\/3&#8243;][vc_single_image image=\u00bb3751&#8243; img_size=\u00bbmedium\u00bb css=\u00bb.vc_custom_1545536134097{padding-top: 15px !important;}\u00bb][\/vc_column_inner][vc_column_inner width=\u00bb2\/3&#8243;][vc_custom_heading text=\u00bbCualidades del Software\u00bb use_theme_fonts=\u00bbyes\u00bb el_class=\u00bbm-b-md\u00bb][vc_column_text]<\/p>\n<p>F\u00e1cil<br \/>\nSimple<br \/>\nR\u00e1pido<br \/>\nEstable<br \/>\nAmigable<br \/>\n\u00abNo necesita usar Mouse\u00bb.<br \/>\n\u00abS\u00f3lo con 7 teclas podr\u00e1 manejar el 90% del programa\u00bb<br \/>\n\u00abGuarda Informaci\u00f3n por A\u00f1os\u00bb<br \/>\n[\/vc_column_text][\/vc_column_inner][\/vc_row_inner][\/vc_accordion_tab][vc_accordion_tab title=\u00bbCUMPLE LAS 7 FUNCIONES ESENCIALES PARA UN CONTROL\u00bb show_icon=\u00bbyes\u00bb icon=\u00bbfa fa-caret-square-o-down\u00bb][vc_row_inner][vc_column_inner width=\u00bb1\/3&#8243;][vc_single_image image=\u00bb3477&#8243; img_size=\u00bbmedium\u00bb css=\u00bb.vc_custom_1545536149708{padding-top: 15px !important;}\u00bb][\/vc_column_inner][vc_column_inner width=\u00bb2\/3&#8243;][vc_custom_heading text=\u00bbCumple las 7 funciones esenciales para un mejor control\u00bb use_theme_fonts=\u00bbyes\u00bb el_class=\u00bbm-b-md\u00bb][vc_column_text]<\/p>\n<p>Registre sus Ventas<br \/>\nControle su Caja<br \/>\nConozca su Ganancia<br \/>\nAnote el Cr\u00e9dito Fiado<br \/>\nRevise Stock<br \/>\nDigite sus Compras<br \/>\nRegistre el Consumo Familiar, las Mermas y los Envases<br \/>\n[\/vc_column_text][\/vc_column_inner][\/vc_row_inner][\/vc_accordion_tab][vc_accordion_tab title=\u00bb\u00bfCOMO FUNCIONA?\u00bb show_icon=\u00bbyes\u00bb icon=\u00bbfa fa-caret-square-o-down\u00bb][vc_row_inner][vc_column_inner width=\u00bb1\/3&#8243;][vc_single_image image=\u00bb3492&#8243; img_size=\u00bbmedium\u00bb css=\u00bb.vc_custom_1545536162429{padding-top: 15px !important;}\u00bb][\/vc_column_inner][vc_column_inner width=\u00bb2\/3&#8243;][vc_custom_heading text=\u00bb\u00bfC\u00f3mo funciona?\u00bb use_theme_fonts=\u00bbyes\u00bb el_class=\u00bbm-b-md\u00bb][vc_column_text]Coloque un computador sobre el mes\u00f3n, un lector de c\u00f3digos de barra, m\u00e1s el software y comience a registrar f\u00e1cilmente todas sus ventas, tanto de productos con y sin c\u00f3digo de barra, aceptando pagos al contado, al cr\u00e9dito fiado, con tarjetas de cr\u00e9dito y d\u00e9bito, cheques y otros medios de pago.<\/p>\n<p>Al final del d\u00eda podr\u00e1 revisar cu\u00e1nto dinero hay en Caja y cu\u00e1nta Mercader\u00eda en su estanter\u00eda. Tambi\u00e9n podr\u00e1 conocer las Ventas, las Ganancias, el Listado de Deudores y otras transacciones como los Consumo del Due\u00f1o, las Memas y los Envases.[\/vc_column_text][\/vc_column_inner][\/vc_row_inner][\/vc_accordion_tab][vc_accordion_tab title=\u00bb\u00bfPARA QUE TIPO DE PRODUCTOS SIRVE?\u00bb show_icon=\u00bbyes\u00bb icon=\u00bbfa fa-caret-square-o-down\u00bb][vc_row_inner][vc_column_inner width=\u00bb1\/3&#8243;][vc_single_image image=\u00bb4147&#8243; img_size=\u00bbmedium\u00bb css=\u00bb.vc_custom_1545536174971{padding-top: 15px !important;}\u00bb][\/vc_column_inner][vc_column_inner width=\u00bb2\/3&#8243;][vc_custom_heading text=\u00bb\u00bfPara qu\u00e9 tipos de productos sirve?\u00bb use_theme_fonts=\u00bbyes\u00bb el_class=\u00bbm-b-md\u00bb][vc_column_text]Sirve para todo tipo de productos, con c\u00f3digo de barra y sin c\u00f3digo de barra, como por ejemplo abarrotes, l\u00e1cteos, art\u00edculos de aseo, cigarros; y tambi\u00e9n pan, huevos, cecinas, verduras; y otras formas de venta como recargas telef\u00f3nicas, recaudaci\u00f3n de tel\u00e9fonos p\u00fablicos y de m\u00e1quinas monederas.[\/vc_column_text][\/vc_column_inner][\/vc_row_inner][\/vc_accordion_tab][vc_accordion_tab title=\u00bb\u00bfQUE INCLUYE?\u00bb show_icon=\u00bbyes\u00bb icon=\u00bbfa fa-caret-square-o-down\u00bb][vc_row_inner][vc_column_inner width=\u00bb1\/3&#8243;][vc_single_image image=\u00bb3484&#8243; img_size=\u00bbmedium\u00bb css=\u00bb.vc_custom_1545536186230{padding-top: 15px !important;}\u00bb][\/vc_column_inner][vc_column_inner width=\u00bb2\/3&#8243;][vc_custom_heading text=\u00bb\u00bfQu\u00e9 incluye?\u00bb use_theme_fonts=\u00bbyes\u00bb el_class=\u00bbm-b-md\u00bb][vc_column_text]<\/p>\n<p>Licencia de Usuario de por Vida<br \/>\nLink de Descarga<br \/>\nManual de Usuario en PDF<br \/>\nPlataforma de Capacitaci\u00f3n en Mini-Videos<br \/>\nCentro de Auto-Soporte WEB<br \/>\nSoporte Personalizado 1 a\u00f1o<br \/>\nGarant\u00eda de 1 A\u00f1o<br \/>\n[\/vc_column_text][\/vc_column_inner][\/vc_row_inner][\/vc_accordion_tab][vc_accordion_tab title=\u00bbEQUIPAMIENTO NECESARIO\u00bb show_icon=\u00bbyes\u00bb icon=\u00bbfa fa-caret-square-o-down\u00bb][vc_row_inner][vc_column_inner width=\u00bb1\/3&#8243;][vc_single_image image=\u00bb3561&#8243; img_size=\u00bbmedium\u00bb css=\u00bb.vc_custom_1545536206240{padding-top: 15px !important;}\u00bb][\/vc_column_inner][vc_column_inner width=\u00bb2\/3&#8243;][vc_custom_heading text=\u00bbEquipamiento necesario\u00bb use_theme_fonts=\u00bbyes\u00bb el_class=\u00bbm-b-md\u00bb][vc_column_text]<\/p>\n<p>Un Computador<br \/>\nUn Lector de C\u00f3digo de Barra<br \/>\nOpcionalmente:<\/p>\n<p>Gaveta de Dinero<br \/>\nImpresora de Ticket de Control Interno<br \/>\nImpresora Fiscal (Samsung Bixolon SRP-350)<br \/>\nRouter para soluciones en red<br \/>\n[\/vc_column_text][\/vc_column_inner][\/vc_row_inner][\/vc_accordion_tab][vc_accordion_tab title=\u00bb\u00bfCUALES SON LOS REQUISITOS COMPUTACIONALES?\u00bb show_icon=\u00bbyes\u00bb icon=\u00bbfa fa-caret-square-o-down\u00bb][vc_row_inner][vc_column_inner width=\u00bb1\/3&#8243;][vc_single_image image=\u00bb3716&#8243; img_size=\u00bbmedium\u00bb css=\u00bb.vc_custom_1545536256384{padding-top: 15px !important;}\u00bb][\/vc_column_inner][vc_column_inner width=\u00bb2\/3&#8243;][vc_custom_heading text=\u00bb\u00bfCuales son los requisitos computacionales?\u00bb use_theme_fonts=\u00bbyes\u00bb el_class=\u00bbm-b-md\u00bb][vc_column_text]Uso Monousuario ( en un solo computador)<\/p>\n<p>Computador Pentium IV, 1.8 Ghz, 80 Gb Disco duro, 2 Gb RAM<br \/>\nWindows XP, Vista, 7, 8 y 10, de 32 o 64 bits<br \/>\nResoluci\u00f3n m\u00ednima de 1024 x 768<br \/>\nEl usuario NO requiere conocimientos computacionales previos.<br \/>\nUso en Red ( en dos o m\u00e1s computadores )<\/p>\n<p>Computador Dual Core 2.4 Ghz, 80 Gb Disco duro, 4 Gb RAM<br \/>\nWindows XP, Vista, 7, 8 y 10, de 32 o 64 bits<br \/>\nResoluci\u00f3n m\u00ednima de 1024 x 768<br \/>\nEl usuario NO requiere conocimientos computacionales previos.<br \/>\n[\/vc_column_text][\/vc_column_inner][\/vc_row_inner][\/vc_accordion_tab][vc_accordion_tab title=\u00bb\u00bfCOMO CONTACTAR A CLUB ALMACEN ?\u00bb show_icon=\u00bbyes\u00bb icon=\u00bbfa fa-caret-square-o-down\u00bb][vc_row_inner][vc_column_inner width=\u00bb1\/3&#8243;][vc_single_image image=\u00bb3510&#8243; img_size=\u00bbmedium\u00bb css=\u00bb.vc_custom_1545536272011{padding-top: 15px !important;}\u00bb][\/vc_column_inner][vc_column_inner width=\u00bb2\/3&#8243;][vc_custom_heading text=\u00bb\u00bfC\u00f3mo contactar a Club Almac\u00e9n?\u00bb use_theme_fonts=\u00bbyes\u00bb el_class=\u00bbm-b-md\u00bb][vc_column_text]Agradeceremos pueda dejar su nombre, e-mail y whatsapp. Un asistente de Club Almac\u00e9n le contactar\u00e1 y quedar\u00e1 a su disposici\u00f3n para responder a sus dudas y necesidades.<\/p>\n<p>Para dejar sus datos:<\/p>\n<p>Use nuestro formulario WEB haciendo clic AQUI<br \/>\nEnv\u00ede un correo a asistente@clubalmacen.com<br \/>\nEnv\u00ede un mensaje al Whatsapp +569 4844 3517 \u00f3 +569 65535324<br \/>\n[\/vc_column_text][\/vc_column_inner][\/vc_row_inner][\/vc_accordion_tab][\/vc_accordion][vc_empty_space][vc_btn title=\u00bbDEJENOS SU CONSULTA\u00bb shape=\u00bbsquare\u00bb color=\u00bbsuccess\u00bb size=\u00bblg\u00bb align=\u00bbcenter\u00bb i_icon_fontawesome=\u00bbfa fa-question-circle-o\u00bb add_icon=\u00bbtrue\u00bb link=\u00bburl:https%3A%2F%2Felalmacen.cl%2Fsoftware-de-punto-de-venta%2Fcontacto%2F|||\u00bb][vc_empty_space][vc_separator color=\u00bbcustom\u00bb gap=\u00bbtall\u00bb gradient=\u00bbyes\u00bb css=\u00bb.vc_custom_1543181413733{margin-top: -15px !important;}\u00bb][vc_custom_heading text=\u00bbDescripci\u00f3n Avanzada\u00bb use_theme_fonts=\u00bbyes\u00bb el_class=\u00bbm-b-md\u00bb][vc_custom_heading text=\u00bbSoftware de Punto de Venta El Almac\u00e9n &#8211; para registrar venta de frutas y verduras.\u00bb font_container=\u00bbtag:p|text_align:left|color:%23353535&#8243; use_theme_fonts=\u00bbyes\u00bb el_class=\u00bblead\u00bb][vc_empty_space height=\u00bb15px\u00bb][vc_accordion active_tab=\u00bb1&#8243; collapsible=\u00bbyes\u00bb type=\u00bbwithout-bg\u00bb size=\u00bbpanel-group-lg\u00bb][vc_accordion_tab title=\u00bbFUNCIONAMIENTO EN RED\u00bb show_icon=\u00bbyes\u00bb icon=\u00bbfa fa-caret-square-o-down\u00bb][vc_row_inner][vc_column_inner width=\u00bb1\/3&#8243; css=\u00bb.vc_custom_1545536287221{padding-top: 15px !important;}\u00bb][vc_single_image image=\u00bb3656&#8243; img_size=\u00bbmedium\u00bb][\/vc_column_inner][vc_column_inner width=\u00bb2\/3&#8243;][vc_custom_heading text=\u00bbFuncionamiento en Red\u00bb use_theme_fonts=\u00bbyes\u00bb el_class=\u00bbm-b-md\u00bb][vc_column_text]Sistema en Red: El software El Almac\u00e9n puede funcionar en dos m\u00e1s computadores al mismo tiempo, conectados en en red localmenrte, Cada computador funcionar\u00e1 como un punto de venta y\/o caja, utilizando una misma base de datos de productos, precios y stock.[\/vc_column_text][\/vc_column_inner][\/vc_row_inner][\/vc_accordion_tab][vc_accordion_tab title=\u00bb7000 PRODUCTOS PRE-INSTALADOS\u00bb show_icon=\u00bbyes\u00bb icon=\u00bbfa fa-caret-square-o-down\u00bb][vc_row_inner][vc_column_inner width=\u00bb1\/3&#8243;][vc_single_image image=\u00bb3593&#8243; img_size=\u00bbmedium\u00bb css=\u00bb.vc_custom_1545536298296{padding-top: 15px !important;}\u00bb][\/vc_column_inner][vc_column_inner width=\u00bb2\/3&#8243;][vc_custom_heading text=\u00bb7000 Productos pre-instalados\u00bb use_theme_fonts=\u00bbyes\u00bb el_class=\u00bbm-b-md\u00bb][vc_column_text]Sistema de F\u00e1cil implementaci\u00f3n: El software posee una segunda base auxiliar pre-instalada con 7000 productos de almacenes y botiller\u00edas ( de Chile ) con sus c\u00f3digos de barra, que facilitar\u00e1n la creaci\u00f3n de productos durante la etapa inicial de implementaci\u00f3n[\/vc_column_text][\/vc_column_inner][\/vc_row_inner][\/vc_accordion_tab][vc_accordion_tab title=\u00bbCOMBOS Y DESCUENTOS\u00bb show_icon=\u00bbyes\u00bb icon=\u00bbfa fa-caret-square-o-down\u00bb][vc_row_inner][vc_column_inner width=\u00bb1\/3&#8243;][vc_single_image image=\u00bb3772&#8243; img_size=\u00bbmedium\u00bb css=\u00bb.vc_custom_1545536309798{padding-top: 15px !important;}\u00bb][\/vc_column_inner][vc_column_inner width=\u00bb2\/3&#8243;][vc_custom_heading text=\u00bbCombos y Descuentos\u00bb use_theme_fonts=\u00bbyes\u00bb el_class=\u00bbm-b-md\u00bb][vc_column_text]Un Sistema de Promociones: Permitir\u00e1 crear diferentes tipos de promociones, combinando productos, precios rebajados y cantidades m\u00ednimas.<\/p>\n<p>Combos<br \/>\nPrecios rebajados por cantidad<br \/>\nPrecios rebajado por Unidad<br \/>\n[\/vc_column_text][\/vc_column_inner][\/vc_row_inner][\/vc_accordion_tab][vc_accordion_tab title=\u00bbPUNTAJE POR COMPRAS\u00bb show_icon=\u00bbyes\u00bb icon=\u00bbfa fa-caret-square-o-down\u00bb][vc_row_inner][vc_column_inner width=\u00bb1\/3&#8243;][vc_single_image image=\u00bb3773&#8243; img_size=\u00bbmedium\u00bb css=\u00bb.vc_custom_1545536323887{padding-top: 15px !important;}\u00bb][\/vc_column_inner][vc_column_inner width=\u00bb2\/3&#8243;][vc_custom_heading text=\u00bbPuntaje por Compras\u00bb use_theme_fonts=\u00bbyes\u00bb el_class=\u00bbm-b-md\u00bb][vc_column_text]Un Sistema de Puntos: Permite que cada cliente del local acumule puntos al comprar, para que posteriormente canjearlos por alg\u00fan premio que el comerciante pueda implementar.[\/vc_column_text][\/vc_column_inner][\/vc_row_inner][\/vc_accordion_tab][vc_accordion_tab title=\u00bbNOTA DE VENTA\u00bb show_icon=\u00bbyes\u00bb icon=\u00bbfa fa-caret-square-o-down\u00bb][vc_row_inner][vc_column_inner width=\u00bb1\/3&#8243;][vc_single_image image=\u00bb3621&#8243; img_size=\u00bbmedium\u00bb css=\u00bb.vc_custom_1545536336736{padding-top: 15px !important;}\u00bb][\/vc_column_inner][vc_column_inner width=\u00bb2\/3&#8243;][vc_custom_heading text=\u00bbNota de Venta\u00bb use_theme_fonts=\u00bbyes\u00bb el_class=\u00bbm-b-md\u00bb][vc_column_text]Modulo Nota de Venta: Se puede agregar una funci\u00f3n para modificar el sistema de venta, emitiendo una nota de venta, que luego es capturada en caja y convertida en venta.[\/vc_column_text][\/vc_column_inner][\/vc_row_inner][\/vc_accordion_tab][vc_accordion_tab title=\u00bbIMPRESORA FISCAL\u00bb show_icon=\u00bbyes\u00bb icon=\u00bbfa fa-caret-square-o-down\u00bb][vc_row_inner][vc_column_inner width=\u00bb1\/3&#8243;][vc_single_image image=\u00bb3574&#8243; img_size=\u00bbmedium\u00bb css=\u00bb.vc_custom_1545536358979{padding-top: 15px !important;}\u00bb][\/vc_column_inner][vc_column_inner width=\u00bb2\/3&#8243;][vc_custom_heading text=\u00bbImpresora Fiscal\u00bb use_theme_fonts=\u00bbyes\u00bb el_class=\u00bbm-b-md\u00bb][vc_column_text]Modulo Fiscal: Se puede agregar una funci\u00f3n para automatizar la emisi\u00f3n de boletas usando la impresora fiscal Samsung Bixolon SRP-350[\/vc_column_text][\/vc_column_inner][\/vc_row_inner][\/vc_accordion_tab][\/vc_accordion][vc_empty_space][vc_btn title=\u00bbDEJENOS SU CONSULTA\u00bb shape=\u00bbsquare\u00bb color=\u00bbsuccess\u00bb size=\u00bblg\u00bb align=\u00bbcenter\u00bb i_icon_fontawesome=\u00bbfa fa-question-circle-o\u00bb add_icon=\u00bbtrue\u00bb link=\u00bburl:https%3A%2F%2Felalmacen.cl%2Fsoftware-de-punto-de-venta%2Fcontacto%2F|||\u00bb][\/vc_column][\/vc_row]<\/p>\n<\/div>","protected":false},"excerpt":{"rendered":"<p>[vc_row css=\u00bb.vc_custom_1543539022854{margin-bottom: -30px !important;}\u00bb][vc_column width=\u00bb1\/3&#8243;][vc_icon type=\u00bbtypicons\u00bb icon_typicons=\u00bbtypcn typcn-arrow-back\u00bb size=\u00bbxl\u00bb align=\u00bbcenter\u00bb link=\u00bburl:http%3A%2F%2Felalmacen.cl%2Fsoftware-de-punto-de-venta%2Ftiendas-y-comercios%2F|||\u00bb][\/vc_column][vc_column width=\u00bb2\/3&#8243;][vc_column_text] Punto de Venta para Rotiser\u00eda [\/vc_column_text][\/vc_column][\/vc_row][vc_row color=\u00bbcustom\u00bb align=\u00bbalign_center\u00bb border_width=\u00bb\u00bb el_width=\u00bb\u00bb type=\u00bb\u00bb style=\u00bb\u00bb pattern_repeat=\u00bb\u00bb pattern_position=\u00bb\u00bb pattern_height=\u00bb15&#8243; show_icon=\u00bb\u00bb icon_type=\u00bbfontawesome\u00bb icon_simpleline=\u00bb\u00bb icon_skin=\u00bbcustom\u00bb icon_style=\u00bb\u00bb icon_pos=\u00bb\u00bb icon_size=\u00bb\u00bb gradient=\u00bbyes\u00bb accent_color=\u00bb\u00bb pattern=\u00bb\u00bb icon_image=\u00bb\u00bb icon=\u00bb\u00bb icon_color=\u00bb\u00bb icon_bg_color=\u00bb\u00bb icon_border_color=\u00bb\u00bb icon_wrap_border_color=\u00bb\u00bb][vc_column][vc_separator color=\u00bbcustom\u00bb gap=\u00bbtall\u00bb gradient=\u00bbyes\u00bb][\/vc_column][\/vc_row][vc_row][vc_column width=\u00bb1\/3&#8243; is_sticky=\u00bbyes\u00bb sticky_min_width=\u00bb767&#8243; sticky_top=\u00bb110&#8243; sticky_bottom=\u00bb0&#8243;][\/vc_column][vc_column width=\u00bb2\/3&#8243;][vc_custom_heading text=\u00bbSoftware de Punto de Venta para Rotiseria\u00bb use_theme_fonts=\u00bbyes\u00bb el_class=\u00bbm-b-md\u00bb][vc_column_text]El software Almac\u00e9n Punto de Venta fue dise\u00f1ado con funciones especiales para su utilizaci\u00f3n en Rotiser\u00edas que venden productos pesables que no tienen c\u00f3digos de barra. El software se puede utilizar con balanzas mec\u00e1nicas o electr\u00f3nicas simples, identificando los productos [&hellip;]<\/p>\n","protected":false},"author":1,"featured_media":0,"parent":3100,"menu_order":0,"comment_status":"closed","ping_status":"closed","template":"","meta":{"footnotes":""},"class_list":["post-3253","page","type-page","status-publish","hentry"],"_links":{"self":[{"href":"https:\/\/elalmacen.cl\/software-de-punto-de-venta\/wp-json\/wp\/v2\/pages\/3253","targetHints":{"allow":["GET"]}}],"collection":[{"href":"https:\/\/elalmacen.cl\/software-de-punto-de-venta\/wp-json\/wp\/v2\/pages"}],"about":[{"href":"https:\/\/elalmacen.cl\/software-de-punto-de-venta\/wp-json\/wp\/v2\/types\/page"}],"author":[{"embeddable":true,"href":"https:\/\/elalmacen.cl\/software-de-punto-de-venta\/wp-json\/wp\/v2\/users\/1"}],"replies":[{"embeddable":true,"href":"https:\/\/elalmacen.cl\/software-de-punto-de-venta\/wp-json\/wp\/v2\/comments?post=3253"}],"version-history":[{"count":6,"href":"https:\/\/elalmacen.cl\/software-de-punto-de-venta\/wp-json\/wp\/v2\/pages\/3253\/revisions"}],"predecessor-version":[{"id":4351,"href":"https:\/\/elalmacen.cl\/software-de-punto-de-venta\/wp-json\/wp\/v2\/pages\/3253\/revisions\/4351"}],"up":[{"embeddable":true,"href":"https:\/\/elalmacen.cl\/software-de-punto-de-venta\/wp-json\/wp\/v2\/pages\/3100"}],"wp:attachment":[{"href":"https:\/\/elalmacen.cl\/software-de-punto-de-venta\/wp-json\/wp\/v2\/media?parent=3253"}],"curies":[{"name":"wp","href":"https:\/\/api.w.org\/{rel}","templated":true}]}}