{"id":3372,"date":"2018-12-03T21:07:22","date_gmt":"2018-12-03T21:07:22","guid":{"rendered":"https:\/\/elalmacen.cl\/software-de-punto-de-venta\/pos\/router-copy-2\/"},"modified":"2019-01-11T13:45:41","modified_gmt":"2019-01-11T16:45:41","slug":"software-pos","status":"publish","type":"page","link":"https:\/\/elalmacen.cl\/software-de-punto-de-venta\/punto-de-venta\/software-pos\/","title":{"rendered":"Software de Punto de Venta"},"content":{"rendered":"<div class=\"wpb-content-wrapper\"><p>[vc_row][vc_column offset=\u00bbvc_col-md-8&#8243; el_class=\u00bbm-t-md\u00bb][vc_custom_heading text=\u00bb<strong>Software de Punto de Venta<\/strong>\u00bb use_theme_fonts=\u00bbyes\u00bb][vc_column_text el_class=\u00bbfeatured lead m-b-xl\u00bb]Tambi\u00e9n conocido como software POS, TPV o PDV.[\/vc_column_text][vc_separator color=\u00bbcustom\u00bb gradient=\u00bbyes\u00bb][vc_column_text]Son programas computacionales creados para automatizar y facilitar el registro de ventas de un local comercial, sea este un negocio de barrio, una tienda o alg\u00fan otro tipo de comercio. Normalmente utilizan un computador y un lector de c\u00f3digos de barra. Su funcionamiento se basa en la identificaci\u00f3n de cada producto mediante uno o m\u00e1s c\u00f3digos, siendo el principal el c\u00f3digo de barra. Al registrar las ventas un <strong>software de punto de venta<\/strong> es posible medir de forma instant\u00e1nea los movimientos y el saldo de caja, stock, deudores, cr\u00e9ditos y utilidad, obteniendo adem\u00e1s valiosa informaci\u00f3n parar administrar correctamente un local comercial dedicado a la compra venta de productos.<\/p>\n<div id=\"__kantu_mark__\"><\/div>\n<p>[\/vc_column_text][vc_empty_space height=\u00bb15px\u00bb][vc_toggle title=\u00bbEL PROBLEMA DEL COMERCIANTE:\u00bb preview_active=\u00bbtrue\u00bb hide_toggle=\u00bbtrue\u00bb]Todos los comerciantes sufren la dificultad de no poder delegar f\u00e1cilmente las tareas de venta debido a lo siguiente:<\/p>\n<ul>\n<li>Los empleados y los familiares com\u00fanmente no memorizan los precios o bien los inventan a la hora de sacar las cuentas.<br \/>\nSuman mal y se equivocar en dar el vuelto.<\/li>\n<li>No tienen como controlar al final del d\u00eda cu\u00e1nto dinero debe haber en caja y cuantos productos deben quedar en la estanter\u00eda, produciendo fugas o perdidas.<\/li>\n<\/ul>\n<p>Esto provoca que la mayor\u00eda de los comerciantes se esclaviza en su negocio, para poder estar siempre presente y as\u00ed poder controla.<\/p>\n<p>A lo anterior, se suma un grave problema de gesti\u00f3n, al no poder saber cual es su ganancia diaria y cuales son los productos m\u00e1s vendidos para poder comprar mejor.<\/p>\n<div id=\"__kantu_mark__\"><\/div>\n<div id=\"__kantu_mark__\"><\/div>\n<p>[\/vc_toggle][vc_toggle title=\u00bbLA SOLUCI\u00d3N:\u00bb preview_active=\u00bbtrue\u00bb hide_toggle=\u00bbtrue\u00bb]Para solucionar estos problemas, Club Almac\u00e9n desarroll\u00f3 el software El Almac\u00e9n Punto de Venta, con una Licencia de Uso sin Limite de Tiempo.<\/p>\n<p>Este software no solo permite al comerciante crear productos, controlar los precios, vender usando un lector de c\u00f3digos de barra, sumar correctamente, calcular el vuelto y cuadrar la caja todos los d\u00edas; sino que adem\u00e1s permite conocer estad\u00edsticas de ventas y utilidades, el listado de deudores por ventas al cr\u00e9dito fiado, controlar el stock, crear promociones, crear puntajes para clientes frecuentes, controlar descuentos, imprimir tickets o boletas, registrar otras transacciones como son las mermas, consumos del dueno, donaciones y garant\u00eda por envases<\/p>\n<p>Y por \u00faltimo, tambi\u00e9n permite ver en pantalla e imprimir una bater\u00eda de m\u00e1s de 20 informes, por cualquier per\u00edodo de tiempo, entre dos fechas.<\/p>\n<p>Esta soluci\u00f3n fue creada por profesionales hijos de comerciantes para solucionar la necesidad de un Emporio familiar que vend\u00eda todo tipo de productos, desde abarrotes, hasta hilos y agujas, pasando por pan, verduras cuadernos, pasteles, ampolletas y un sin fin de productos de diversos rubros comerciales.<\/p>\n<div id=\"__kantu_mark__\"><\/div>\n<div id=\"__kantu_mark__\"><\/div>\n<p>[\/vc_toggle][vc_toggle title=\u00bbRESUMEN DE FUNCIONALIDADES DISPONIBLES EN EL SOFTWARE EL ALMACEN:\u00bb preview_active=\u00bbtrue\u00bb hide_toggle=\u00bbtrue\u00bb]<\/p>\n<ul>\n<li>Base Auxiliar con 7000 productos pre-cargados ( minimarkets y botiller\u00edas)<\/li>\n<li>Creaci\u00f3n de Productos<\/li>\n<li>Modificaci\u00f3n de Precios<\/li>\n<li>Ventas con Lector de C\u00f3digos de Barra<\/li>\n<li>Ventas con C\u00f3digos Internos y B\u00fasquedas por Descripci\u00f3n<\/li>\n<li>Funci\u00f3n de Tres Ventas Paralelas<\/li>\n<li>Totalizar la Venta<\/li>\n<li>Calcular el Vuelto.<\/li>\n<li>Cuadrar la Caja Diaria, mediante Pantalla Ajustes Autorizados de Caja<\/li>\n<li>Control de Caja, de cualquier per\u00edodo entre fechas, mediante Pantalla e Informes<\/li>\n<li>Control Opcional de Correlativo de Boletas.<\/li>\n<li>Control Opcional de ventas por Vendedor<\/li>\n<li>Venta con Cr\u00e9dito a Clientes<\/li>\n<li>Toma de Inventario<\/li>\n<li>Digitaci\u00f3n de Compras<\/li>\n<li>Control de Stock<\/li>\n<li>Control de Utilidades<\/li>\n<li>Control de Otras Transacciones como Consumos del Dueno, Mermas, Donaciones, Garant\u00eda por Envases.<\/li>\n<li>Mas de 20 InformesUsted tambi\u00e9n puede conocer la lista completa de funcionalidades e informes haciendo clic AQU\u00cd<\/li>\n<\/ul>\n<div id=\"__kantu_mark__\"><\/div>\n<p>[\/vc_toggle][vc_toggle title=\u00bbTIPOS DE COMERCIO QUE PUEDEN UTILZAR EL SOFTWARE EL ALMACEN PUNTO DE VENTA\u00bb preview_active=\u00bbtrue\u00bb hide_toggle=\u00bbtrue\u00bb]<\/p>\n<ul>\n<li>Emporio<br \/>\nAlmac\u00e9n<br \/>\nMinimarket<br \/>\nBotiller\u00eda<br \/>\nPanader\u00eda<br \/>\nPasteler\u00eda<br \/>\nAmasander\u00eda<br \/>\nVerduler\u00eda<br \/>\nBazar<br \/>\nLibreria<br \/>\nTabaquer\u00eda<\/li>\n<li>Tienda de Conveniencia<br \/>\nMinimarket Servicentros<br \/>\nSupermercado<br \/>\nConfiter\u00eda<br \/>\nFarmac\u00eda<br \/>\nFerreter\u00eda<br \/>\nCarnicer\u00eda<br \/>\nRotiser\u00eda<\/li>\n<li>Kiosco<br \/>\nCafeter\u00eda<br \/>\nTiendas y Comercios<\/li>\n<\/ul>\n<div id=\"__kantu_mark__\"><\/div>\n<div id=\"__kantu_mark__\"><\/div>\n<p>[\/vc_toggle][vc_toggle title=\u00bbCOMO CONTACTAR A CLUB ALMAC\u00c9N ?\u00bb preview_active=\u00bbtrue\u00bb hide_toggle=\u00bbtrue\u00bb]Cu\u00e9ntenos por favor algo m\u00e1s acerca de su necesidad, a trav\u00e9s de nuestro formulario de contacto haciendo clic aqu\u00ed. . Con gusto le enviaremos m\u00e1s informaci\u00f3n acerca de lo que est\u00e1 buscando.<\/p>\n<p>Si prefiere tambi\u00e9n puede enviarnos un e-mail a asistente@clubalmacen.com o un mensaje al Whatsapp +56948443517<\/p>\n<div id=\"__kantu_mark__\"><\/div>\n<div id=\"__kantu_mark__\"><\/div>\n<p>[\/vc_toggle][vc_empty_space height=\u00bb70px\u00bb][vc_row_inner][vc_column_inner width=\u00bb1\/3&#8243;][vc_btn title=\u00bbVOLVER ATRAS\u00bb style=\u00bbclassic\u00bb shape=\u00bbsquare\u00bb color=\u00bbblue\u00bb size=\u00bblg\u00bb align=\u00bbleft\u00bb i_icon_fontawesome=\u00bbfa fa-undo\u00bb button_block=\u00bbtrue\u00bb add_icon=\u00bbtrue\u00bb link=\u00bburl:https%3A%2F%2Felalmacen.cl%2Fsoftware-de-punto-de-venta%2Fpos%2F|||\u00bb][\/vc_column_inner][vc_column_inner width=\u00bb1\/3&#8243;][vc_btn title=\u00bbCOTIZAR AHORA\u00bb style=\u00bbclassic\u00bb shape=\u00bbsquare\u00bb color=\u00bbblue\u00bb size=\u00bblg\u00bb align=\u00bbleft\u00bb i_icon_fontawesome=\u00bbfa fa-money\u00bb button_block=\u00bbtrue\u00bb add_icon=\u00bbtrue\u00bb link=\u00bburl:https%3A%2F%2Felalmacen.cl%2Fsoftware-de-punto-de-venta%2Fcotizacion-hardware%2F|||\u00bb][\/vc_column_inner][vc_column_inner width=\u00bb1\/3&#8243;][vc_btn title=\u00bbDESCARGAR DEMO\u00bb style=\u00bbclassic\u00bb shape=\u00bbsquare\u00bb color=\u00bbblue\u00bb size=\u00bblg\u00bb align=\u00bbleft\u00bb i_icon_fontawesome=\u00bbfa fa-download\u00bb button_block=\u00bbtrue\u00bb add_icon=\u00bbtrue\u00bb link=\u00bburl:https%3A%2F%2Felalmacen.cl%2Fsoftware-de-punto-de-venta%2Fdescarga-gratis%2F|||\u00bb][\/vc_column_inner][\/vc_row_inner][\/vc_column][vc_column offset=\u00bbvc_col-md-4&#8243;]<div class=\"porto-content-box featured-boxes wpb_content_element  featured-box-primary\"><div class=\"featured-box  align-center\" style=\"\"><div class=\"box-content\" style=\"\">[vc_single_image image=\u00bb4479&#8243; img_size=\u00bbfull\u00bb alignment=\u00bbcenter\u00bb onclick=\u00bblink_image\u00bb label=\u00bb\u00bb][vc_single_image image=\u00bb4480&#8243; img_size=\u00bbfull\u00bb alignment=\u00bbcenter\u00bb onclick=\u00bblink_image\u00bb label=\u00bb\u00bb][vc_single_image image=\u00bb4481&#8243; img_size=\u00bbfull\u00bb alignment=\u00bbcenter\u00bb onclick=\u00bblink_image\u00bb label=\u00bb\u00bb][vc_separator color=\u00bbcustom\u00bb gradient=\u00bbyes\u00bb][vc_empty_space height=\u00bb20px\u00bb][vc_column_text]<\/p>\n<h4 style=\"text-align: center;\"><strong>Podr\u00eda Interesarte<\/strong><\/h4>\n<ul class=\"list icons list-unstyled\">\n<li style=\"text-align: left;\"><i class=\"fa fa-check\"><\/i><a href=\"https:\/\/elalmacen.cl\/software-de-punto-de-venta\/pos\/software-pos\/\">Software POS<\/a><\/li>\n<li style=\"text-align: left;\"><i class=\"fa fa-check\"><\/i><a href=\"https:\/\/elalmacen.cl\/software-de-punto-de-venta\/pos\/lector-de-codigos-de-barra\/\">Lectores<\/a><\/li>\n<li style=\"text-align: left;\"><i class=\"fa fa-check\"><\/i><a href=\"https:\/\/elalmacen.cl\/software-de-punto-de-venta\/pos\/computador\/\">Computadores<\/a><\/li>\n<li style=\"text-align: left;\"><i class=\"fa fa-check\"><\/i><a href=\"https:\/\/elalmacen.cl\/software-de-punto-de-venta\/pos\/gavetas\/\">Gavetas<\/a><\/li>\n<li style=\"text-align: left;\"><i class=\"fa fa-check\"><\/i><a href=\"https:\/\/elalmacen.cl\/software-de-punto-de-venta\/pos\/balanzas\/\">Balanzas<\/a><\/li>\n<li style=\"text-align: left;\"><i class=\"fa fa-check\"><\/i><a href=\"https:\/\/elalmacen.cl\/software-de-punto-de-venta\/pos\/impresoras-pos\/\">Impresoras POS<\/a><\/li>\n<li style=\"text-align: left;\"><i class=\"fa fa-check\"><\/i><a href=\"https:\/\/elalmacen.cl\/software-de-punto-de-venta\/pos\/impresora-fiscal\/\">Impresora Fiscal<\/a><\/li>\n<li style=\"text-align: left;\"><i class=\"fa fa-check\"><\/i><a href=\"https:\/\/elalmacen.cl\/software-de-punto-de-venta\/pos\/router\/\">Router<\/a><\/li>\n<li style=\"text-align: left;\"><i class=\"fa fa-check\"><\/i><a href=\"https:\/\/elalmacen.cl\/software-de-punto-de-venta\/pos\/adaptador-usb-serial\/\">Adaptador USB &#8211; Serial<\/a><\/li>\n<li style=\"text-align: left;\"><i class=\"fa fa-check\"><\/i><a href=\"https:\/\/elalmacen.cl\/software-de-punto-de-venta\/pos\/cables-de-red\/\">Cables de Red<\/a><\/li>\n<li style=\"text-align: left;\"><i class=\"fa fa-check\"><\/i><a href=\"https:\/\/elalmacen.cl\/software-de-punto-de-venta\/pos\/soporte-remoto\/\">Soporte Remoto<\/a><\/li>\n<li style=\"text-align: left;\"><i class=\"fa fa-check\"><\/i><a href=\"https:\/\/elalmacen.cl\/software-de-punto-de-venta\/pos\/profesor-a-domicilo\/\">Profesor a Domicilio<\/a><\/li>\n<li style=\"text-align: left;\"><i class=\"fa fa-check\"><\/i><a href=\"https:\/\/elalmacen.cl\/software-de-punto-de-venta\/pos\/asistente-de-implementacion\/\">Asistente de Implementacion<\/a><\/li>\n<\/ul>\n<p>[\/vc_column_text]<\/div><\/div><\/div>[\/vc_column][\/vc_row]<\/p>\n<\/div>","protected":false},"excerpt":{"rendered":"<p>[vc_row][vc_column offset=\u00bbvc_col-md-8&#8243; el_class=\u00bbm-t-md\u00bb][vc_custom_heading text=\u00bbSoftware de Punto de Venta\u00bb use_theme_fonts=\u00bbyes\u00bb][vc_column_text el_class=\u00bbfeatured lead m-b-xl\u00bb]Tambi\u00e9n conocido como software POS, TPV o PDV.[\/vc_column_text][vc_separator color=\u00bbcustom\u00bb gradient=\u00bbyes\u00bb][vc_column_text]Son programas computacionales creados para automatizar y facilitar el registro de ventas de un local comercial, sea este un negocio de barrio, una tienda o alg\u00fan otro tipo de comercio. Normalmente utilizan un computador y un lector de c\u00f3digos de barra. Su funcionamiento se basa en la identificaci\u00f3n de cada producto mediante uno o m\u00e1s c\u00f3digos, siendo el principal el c\u00f3digo de barra. Al registrar las ventas un software de punto de venta es posible medir de forma instant\u00e1nea los [&hellip;]<\/p>\n","protected":false},"author":1,"featured_media":0,"parent":3137,"menu_order":0,"comment_status":"closed","ping_status":"closed","template":"","meta":{"footnotes":""},"class_list":["post-3372","page","type-page","status-publish","hentry"],"_links":{"self":[{"href":"https:\/\/elalmacen.cl\/software-de-punto-de-venta\/wp-json\/wp\/v2\/pages\/3372","targetHints":{"allow":["GET"]}}],"collection":[{"href":"https:\/\/elalmacen.cl\/software-de-punto-de-venta\/wp-json\/wp\/v2\/pages"}],"about":[{"href":"https:\/\/elalmacen.cl\/software-de-punto-de-venta\/wp-json\/wp\/v2\/types\/page"}],"author":[{"embeddable":true,"href":"https:\/\/elalmacen.cl\/software-de-punto-de-venta\/wp-json\/wp\/v2\/users\/1"}],"replies":[{"embeddable":true,"href":"https:\/\/elalmacen.cl\/software-de-punto-de-venta\/wp-json\/wp\/v2\/comments?post=3372"}],"version-history":[{"count":6,"href":"https:\/\/elalmacen.cl\/software-de-punto-de-venta\/wp-json\/wp\/v2\/pages\/3372\/revisions"}],"predecessor-version":[{"id":4482,"href":"https:\/\/elalmacen.cl\/software-de-punto-de-venta\/wp-json\/wp\/v2\/pages\/3372\/revisions\/4482"}],"up":[{"embeddable":true,"href":"https:\/\/elalmacen.cl\/software-de-punto-de-venta\/wp-json\/wp\/v2\/pages\/3137"}],"wp:attachment":[{"href":"https:\/\/elalmacen.cl\/software-de-punto-de-venta\/wp-json\/wp\/v2\/media?parent=3372"}],"curies":[{"name":"wp","href":"https:\/\/api.w.org\/{rel}","templated":true}]}}